git of 68539219?
8
What is the hundreds digit of 96888262?
2
What is the units digit of 109738728?
8
What is the units digit of 41892701?
1
What is the millions digit of 513262131?
3
What is the thousands digit of 3579769?
9
What is the ten thousands digit of 36602141?
0
What is the ten thousands digit of 78145500?
4
What is the ten millions digit of 26979982?
2
What is the millions digit of 604268838?
4
What is the units digit of 68150406?
6
What is the millions digit of 38315694?
8
What is the tens digit of 6598059?
5
What is the tens digit of 72352009?
0
What is the ten thousands digit of 14638635?
3
What is the hundred thousands digit of 4359235944?
2
What is the millions digit of 6687940393?
7
What is the hundred millions digit of 1033754480?
0
What is the hundreds digit of 501973347?
3
What is the units digit of 80284812?
2
What is the hundreds digit of 758172555?
5
What is the ten thousands digit of 198600365?
0
What is the ten millions digit of 1214038467?
1
What is the tens digit of 18006583?
8
What is the ten thousands digit of 114799872?
9
What is the hundreds digit of 3993906469?
4
What is the thousands digit of 415768507?
8
What is the tens digit of 103147397?
9
What is the millions digit of 664719124?
4
What is the millions digit of 2831011768?
1
What is the ten millions digit of 408601783?
0
What is the ten millions digit of 1360759978?
6
What is the millions digit of 2347908551?
7
What is the hundred thousands digit of 1632624207?
6
What is the tens digit of 125959540?
4
What is the ten thousands digit of 721838316?
3
What is the ten millions digit of 66020883?
6
What is the thousands digit of 65921834?
1
What is the thousands digit of 3753252838?
2
What is the tens digit of 71883202?
0
What is the millions digit of 88303977?
8
What is the thousands digit of 98804821?
4
What is the ten thousands digit of 661477806?
7
What is the tens digit of 101737254?
5
What is the tens digit of 14550471?
7
What is the tens digit of 12073061?
6
What is the millions digit of 486547894?
6
What is the thousands digit of 367725982?
5
What is the ten thousands digit of 100409112?
0
What is the hundred millions digit of 170341504?
1
What is the ten thousands digit of 1005724904?
2
What is the tens digit of 31269043?
4
What is the thousands digit of 80324418?
4
What is the tens digit of 19302502?
0
What is the units digit of 799845077?
7
What is the ten thousands digit of 14188041?
8
What is the thousands digit of 1076711718?
1
What is the ten thousands digit of 341224992?
2
What is the units digit of 47061212?
2
What is the tens digit of 60822383?
8
What is the hundred thousands digit of 98006928?
0
What is the millions digit of 51522563?
1
What is the thousands digit of 255285872?
5
What is the hundreds digit of 680354522?
5
What is the hundreds digit of 1355246?
2
What is the tens digit of 15588110?
1
What is the hundred thousands digit of 253780780?
7
What is the millions digit of 2126448116?
6
What is the units digit of 160802487?
7
What is the ten thousands digit of 77855?
7
What is the ten millions digit of 362074929?
6
What is the hundred thousands digit of 513743295?
7
What is the hundreds digit of 150631452?
4
What is the hundred millions digit of 6548593059?
5
What is the tens digit of 39280350?
5
What is the ten thousands digit of 43152122?
5
What is the units digit of 177708807?
7
What is the units digit of 157577379?
9
What is the ten millions digit of 50635257?
5
What is the thousands digit of 362406569?
6
What is the hundred thousands digit of 811316472?
3
What is the millions digit of 1107731925?
7
What is the tens digit of 885463230?
3
What is the hundreds digit of 43608298?
2
What is the tens digit of 116049771?
7
What is the billions digit of 4106989403?
4
What is the millions digit of 1754198063?
4
What is the hundred thousands digit of 694328445?
3
What is the millions digit of 33897916?
3
What is the ten thousands digit of 65424197?
2
What is the hundreds digit of 2764708411?
4
What is the ten thousands digit of 2250791755?
9
What is the hundred thousands digit of 115805416?
8
What is the hundred thousands digit of 13245389?
2
What is the hundred thousands digit of 1505549950?
5
What is the millions digit of 62577703?
2
What is the millions digit of 143853037?
3
What is the hundred thousands digit of 944402333?
4
What is the hundred thousands digit of 759013815?
0
What is the hundreds digit of 2614364275?
2
What is the thousands digit of 536555387?
5
What is the hundreds digit of 248039757?
7
What is the hundreds digit of 416854885?
8
What is the ten thousands digit of 226774910?
7
What is the hundred thousands digit of 41193223?
1
What is the hundred thousands digit of 1929725169?
7
What is the ten millions digit of 1486446502?
8
What is the hundreds digit of 1093636410?
4
What is the ten thousands digit of 684738268?
3
What is the units digit of 27509458?
8
What is the millions digit of 3051271063?
1
What is the millions digit of 35952994?
5
What is the ten thousands digit of 3631191814?
9
What is the ten thousands digit of 126481458?
8
What is the ten thousands digit of 1503650294?
5
What is the ten millions digit of 159232717?
5
What is the thousands digit of 3858926482?
6
What is the tens digit of 186124961?
6
What is the millions digit of 237301960?
7
What is the hundreds digit of 1314058550?
5
What is the tens digit of 44949030?
3
What is the thousands digit of 31295409?
5
What is the hundreds digit of 447615314?
3
What is the hundred thousands digit of 81045385?
0
What is the units digit of 75543656?
6
What is the units digit of 1151981913?
3
What is the billions digit of 2020895563?
2
What is the units digit of 38426788?
8
What is the ten millions digit of 26174964?
2
What is the thousands digit of 4730231332?
1
What is the hundred millions digit of 612711827?
6
What is the ten thousands digit of 40958754?
5
What is the ten thousands digit of 4387116?
8
What is the hundred thousands digit of 358654177?
6
What is the thousands digit of 203535575?
5
What is the hundreds digit of 1561940822?
8
What is the units digit of 1285283000?
0
What is the thousands digit of 17698206?
8
What is the ten thousands digit of 212451481?
5
What is the hundreds digit of 12735552?
5
What is the thousands digit of 366588438?
8
What is the tens digit of 267713535?
3
What is the ten thousands digit of 533279791?
7
What is the millions digit of 68963949?
8
What is the ten thousands digit of 487415434?
1
What is the thousands digit of 102197057?
7
What is the tens digit of 3988429?
2
What is the units digit of 1664037306?
6
What is the tens digit of 2222285472?
7
What is the hundred thousands digit of 53504168?
5
What is the ten thousands digit of 254734100?
3
What is the ten thousands digit of 7305545?
0
What is the hundred thousands digit of 70703444?
7
What is the ten thousands digit of 34602461?
0
What is the ten millions digit of 2812200019?
1
What is the units digit of 136785504?
4
What is the hundred thousands digit of 2533724538?
7
What is the hundreds digit of 411324420?
4
What is the thousands digit of 30294718?
4
What is the ten thousands digit of 164540981?
4
What is the ten millions digit of 3087731827?
8
What is the hundred millions digit of 4373631641?
3
What is the hundred thousands digit of 677757092?
7
What is the billions digit of 7772688786?
7
What is the tens digit of 8654682?
8
What is the tens digit of 13909940?
4
What is the ten thousands digit of 751908577?
0
What is the ten thousands digit of 43804134?
0
What is the hundred millions digit of 348266839?
3
What is the millions digit of 812142672?
2
What is the ten thousands digit of 200274370?
7
What is the hundred thousands digit of 37002298?
0
What is the hundred thousands digit of 42530860?
5
What is the ten thousands digit of 187906096?
0
What is the units digit of 293240?
0
What is the millions digit of 168479796?
8
What is the millions digit of 48888084?
8
What is the hundred thousands digit of 337232262?
2
What is the hundreds digit of 145636670?
6
What is the units digit of 193488448?
8
What is the hundred millions digit of 1733305829?
7
What is the ten millions digit of 764019725?
6
What is the hundreds digit of 60639361?
3
What is the ten thousands digit o